 thousands digit of 530249125?
9
What is the ten millions digit of 126360931?
2
What is the hundred thousands digit of 21426480?
4
What is the thousands digit of 2280511677?
1
What is the hundred thousands digit of 79435632?
4
What is the tens digit of 73303365?
6
What is the millions digit of 495182799?
5
What is the ten thousands digit of 2512725191?
2
What is the hundred thousands digit of 33476250?
4
What is the thousands digit of 723624858?
4
What is the tens digit of 9579657?
5
What is the thousands digit of 215415603?
5
What is the millions digit of 867341375?
7
What is the ten thousands digit of 920421033?
2
What is the hundreds digit of 77094167?
1
What is the millions digit of 6298929279?
8
What is the tens digit of 1391106265?
6
What is the ten millions digit of 98175202?
9
What is the hundreds digit of 284677197?
1
What is the hundred millions digit of 1696081247?
6
What is the ten thousands digit of 316694075?
9
What is the ten millions digit of 992771885?
9
What is the hundred millions digit of 114120696?
1
What is the units digit of 124180029?
9
What is the ten millions digit of 5219098637?
1
What is the hundreds digit of 2949288?
2
What is the ten millions digit of 91735929?
9
What is the tens digit of 45738715?
1
What is the hundred thousands digit of 13395957?
3
What is the millions digit of 6093117053?
3
What is the units digit of 157683895?
5
What is the tens digit of 26996818?
1
What is the tens digit of 51081673?
7
What is the hundred millions digit of 1248106307?
2
What is the hundreds digit of 63484124?
1
What is the units digit of 747523990?
0
What is the millions digit of 160924168?
0
What is the units digit of 402886156?
6
What is the ten thousands digit of 31804701?
0
What is the units digit of 715711559?
9
What is the units digit of 5258083489?
9
What is the thousands digit of 54393928?
3
What is the ten thousands digit of 22587690?
8
What is the ten millions digit of 410711318?
1
What is the ten thousands digit of 43633397?
3
What is the millions digit of 166410211?
6
What is the ten millions digit of 4702141714?
0
What is the units digit of 15347419?
9
What is the units digit of 77677202?
2
What is the thousands digit of 1115431483?
1
What is the units digit of 65526529?
9
What is the ten millions digit of 102113014?
0
What is the ten millions digit of 253951497?
5
What is the hundred millions digit of 7576769018?
5
What is the ten thousands digit of 39857785?
5
What is the tens digit of 349967006?
0
What is the thousands digit of 52108090?
8
What is the ten thousands digit of 2153826059?
2
What is the hundred thousands digit of 208463085?
4
What is the ten thousands digit of 5177977662?
7
What is the hundreds digit of 43917704?
7
What is the units digit of 12693953?
3
What is the thousands digit of 2244044056?
4
What is the thousands digit of 30221640?
1
What is the hundreds digit of 118347546?
5
What is the millions digit of 2253579748?
3
What is the ten thousands digit of 1960281746?
8
What is the tens digit of 294823843?
4
What is the hundred millions digit of 112061826?
1
What is the hundred millions digit of 147978073?
1
What is the thousands digit of 319145431?
5
What is the hundred millions digit of 4339837107?
3
What is the units digit of 102046855?
5
What is the hundred thousands digit of 154809152?
8
What is the thousands digit of 3191972415?
2
What is the units digit of 2573382?
2
What is the tens digit of 32934619?
1
What is the millions digit of 2518356103?
8
What is the ten millions digit of 21387323?
2
What is the tens digit of 5543907214?
1
What is the hundred thousands digit of 14108246?
1
What is the millions digit of 402718452?
2
What is the ten millions digit of 1240436375?
4
What is the units digit of 91861931?
1
What is the millions digit of 77059680?
7
What is the hundred millions digit of 205449502?
2
What is the ten thousands digit of 55734390?
3
What is the ten thousands digit of 401154493?
5
What is the ten thousands digit of 1965694228?
9
What is the ten thousands digit of 984411063?
1
What is the ten thousands digit of 4493364639?
6
What is the thousands digit of 444769343?
9
What is the hundred millions digit of 162066835?
1
What is the hundred thousands digit of 2764349913?
3
What is the ten thousands digit of 443087697?
8
What is the hundreds digit of 163269395?
3
What is the tens digit of 2444967965?
6
What is the billions digit of 1067076607?
1
What is the thousands digit of 187558930?
8
What is the ten thousands digit of 28635425?
3
What is the hundred thousands digit of 13604975?
6
What is the hundred millions digit of 111233947?
1
What is the thousands digit of 672121627?
1
What is the tens digit of 551046212?
1
What is the hundred millions digit of 100620285?
1
What is the tens digit of 146114660?
6
What is the ten millions digit of 15700626?
1
What is the ten millions digit of 74789886?
7
What is the tens digit of 19240924?
2
What is the billions digit of 2059812766?
2
What is the units digit of 155872544?
4
What is the tens digit of 37130489?
8
What is the units digit of 588734791?
1
What is the hundred thousands digit of 12040897?
0
What is the hundred thousands digit of 61833899?
8
What is the hundred thousands digit of 1298830284?
8
What is the millions digit of 112965450?
2
What is the hundreds digit of 554624689?
6
What is the millions digit of 715916266?
5
What is the units digit of 326707834?
4
What is the millions digit of 22394644?
2
What is the ten millions digit of 48438688?
4
What is the units digit of 4263971321?
1
What is the ten thousands digit of 14619737?
1
What is the hundreds digit of 70923423?
4
What is the hundred thousands digit of 21092745?
0
What is the units digit of 1844384128?
8
What is the ten millions digit of 519099322?
1
What is the ten thousands digit of 218338195?
3
What is the tens digit of 8785951?
5
What is the hundred thousands digit of 279042450?
0
What is the billions digit of 1255961050?
1
What is the tens digit of 209417174?
7
What is the tens digit of 89226444?
4
What is the units digit of 1943507?
7
What is the thousands digit of 3377968881?
8
What is the hundred millions digit of 265637332?
2
What is the ten thousands digit of 440758373?
5
What is the units digit of 428614511?
1
What is the thousands digit of 301530928?
0
What is the units digit of 134801524?
4
What is the hundred thousands digit of 376274887?
2
What is the hundreds digit of 2679528?
5
What is the ten millions digit of 184433952?
8
What is the ten thousands digit of 204599519?
9
What is the tens digit of 20992522?
2
What is the thousands digit of 168633525?
3
What is the hundreds digit of 304831970?
9
What is the hundred millions digit of 4699350857?
6
What is the tens digit of 205543436?
3
What is the hundreds digit of 230029539?
5
What is the thousands digit of 28368285?
8
What is the hundred thousands digit of 1380959077?
9
What is the hundred millions digit of 749386777?
7
What is the thousands digit of 2886173164?
3
What is the millions digit of 157337356?
7
What is the millions digit of 14891057?
4
What is the units digit of 1252729510?
0
What is the thousands digit of 8869118?
9
What is the tens digit of 925011462?
6
What is the units digit of 6960975?
5
What is the ten thousands digit of 293529775?
2
What is the ten thousands digit of 290667219?
6
What is the millions digit of 1226115583?
6
What is the ten millions digit of 422569582?
2
What is the millions digit of 2807689763?
7
What is the thousands digit of 51061918?
1
What is the ten millions digit of 789705730?
8
What is the thousands digit of 579007894?
7
What is the thousands digit of 795919833?
9
What is the hundreds digit of 214630596?
5
What is the hundreds digit of 23136772?
7
What is the hundreds digit of 676376748?
7
What is the tens digit of 3436008012?
1
What is the ten millions digit of 684695033?
8
What is the ten millions digit of 57725885?
5
What is the hundred thousands digit of 1642716481?
7
What is the hundred thousands digit of 629746080?
7
What is the hundreds digit of 12548629?
6
What is the hundred millions digit of 6030114580?
0
What is the hundreds digit of 887908087?
0
What is the ten thousands digit of 66963876?
6
What is the ten millions digit of 22397057?
2
What is the